{"id":132055,"date":"2024-05-28T03:35:51","date_gmt":"2024-05-28T03:35:51","guid":{"rendered":"http:\/\/5.9.14.175:9056\/?page_id=132055"},"modified":"2024-05-28T04:01:11","modified_gmt":"2024-05-28T04:01:11","slug":"simpatectomia-toracica","status":"publish","type":"page","link":"https:\/\/www.sudor.care\/index.php\/simpatectomia-toracica\/","title":{"rendered":"Simpatectom\u00eda tor\u00e1cica"},"content":{"rendered":"<div class=\"wpb-content-wrapper\"><p>[vc_row unlock_row_content=\u00bbyes\u00bb row_height_percent=\u00bb100&#8243; override_padding=\u00bbyes\u00bb h_padding=\u00bb0&#8243; top_padding=\u00bb0&#8243; bottom_padding=\u00bb0&#8243; overlay_alpha=\u00bb50&#8243; equal_height=\u00bbyes\u00bb gutter_size=\u00bb3&#8243; column_width_percent=\u00bb100&#8243; shift_y=\u00bb0&#8243; z_index=\u00bb0&#8243; uncode_shortcode_id=\u00bb197505&#8243; back_color_type=\u00bbuncode-solid\u00bb back_color_solid=\u00bb#008aed\u00bb][vc_column column_width_percent=\u00bb100&#8243; gutter_size=\u00bb3&#8243; expand_height=\u00bbyes\u00bb style=\u00bbdark\u00bb overlay_alpha=\u00bb50&#8243; shift_x=\u00bb0&#8243; shift_y=\u00bb0&#8243; z_index=\u00bb0&#8243; medium_width=\u00bb0&#8243; width=\u00bb1\/1&#8243;][vc_row_inner row_inner_height_percent=\u00bb0&#8243; overlay_alpha=\u00bb50&#8243; equal_height=\u00bbyes\u00bb gutter_size=\u00bb0&#8243; shift_y=\u00bb0&#8243; limit_content=\u00bb\u00bb][vc_column_inner column_width_use_pixel=\u00bbyes\u00bb gutter_size=\u00bb3&#8243; expand_height=\u00bbyes\u00bb back_image=\u00bb132088&#8243; back_position=\u00bbright center\u00bb overlay_alpha=\u00bb50&#8243; shift_x=\u00bb0&#8243; shift_y=\u00bb0&#8243; shift_y_down=\u00bb0&#8243; z_index=\u00bb0&#8243; medium_width=\u00bb0&#8243; mobile_width=\u00bb0&#8243; width=\u00bb1\/2&#8243; mobile_height=\u00bb300&#8243; uncode_shortcode_id=\u00bb373413&#8243;][\/vc_column_inner][vc_column_inner column_width_percent=\u00bb65&#8243; position_vertical=\u00bbmiddle\u00bb gutter_size=\u00bb3&#8243; override_padding=\u00bbyes\u00bb column_padding=\u00bb3&#8243; style=\u00bbdark\u00bb font_family=\u00bbfont-136269&#8243; overlay_alpha=\u00bb50&#8243; shift_x=\u00bb0&#8243; shift_y=\u00bb0&#8243; shift_y_down=\u00bb0&#8243; z_index=\u00bb0&#8243; medium_width=\u00bb0&#8243; mobile_width=\u00bb0&#8243; width=\u00bb1\/2&#8243; uncode_shortcode_id=\u00bb202408&#8243;][vc_custom_heading heading_semantic=\u00bbh1&#8243; text_size=\u00bbfontsize-338686&#8243; text_align=\u00bbtext-left\u00bb uncode_shortcode_id=\u00bb290796&#8243;]<\/p>\n<h1 class=\"font-136269 h3 font-weight-500\"><strong>Simpatectom\u00eda tor\u00e1cica<\/strong><\/h1>\n<p>[\/vc_custom_heading][vc_column_text text_lead=\u00bbyes\u00bb uncode_shortcode_id=\u00bb660352&#8243;]<strong>Ubicaci\u00f3n:<\/strong> Se incluye en la secci\u00f3n de \u00abTratamientos Quir\u00fargicos\u00bb debido a su naturaleza invasiva y especializada.<\/p>\n<p><strong>Descripci\u00f3n:<\/strong> Es un procedimiento quir\u00fargico en el que se cortan o bloquean los nervios simp\u00e1ticos que estimulan la sudoraci\u00f3n en \u00e1reas espec\u00edficas del cuerpo, como las manos, las axilas o la cara.<\/p>\n<p><strong>Indicaciones:<\/strong> Se considera principalmente en casos severos de hiperhidrosis que no responden adecuadamente a otros tratamientos menos invasivos.<\/p>\n<p><strong>Modo de Acci\u00f3n:<\/strong> Al interrumpir las se\u00f1ales nerviosas que desencadenan la sudoraci\u00f3n excesiva, la simpatectom\u00eda puede proporcionar un alivio significativo y duradero en la producci\u00f3n de sudor en las \u00e1reas tratadas.<\/p>\n<p><strong>Consideraciones:<\/strong> Aunque puede ofrecer resultados efectivos, la simpatectom\u00eda tambi\u00e9n conlleva riesgos y posibles efectos secundarios, como la sudoraci\u00f3n compensatoria (aumento de la sudoraci\u00f3n en otras \u00e1reas del cuerpo) y otros s\u00edntomas menos comunes.<\/p>\n<p><strong>Evaluaci\u00f3n M\u00e9dica:<\/strong> Es importante que un m\u00e9dico especializado eval\u00fae la idoneidad del paciente para este procedimiento, considerando su historial m\u00e9dico, la gravedad de la hiperhidrosis y otras condiciones de salud.<\/p>\n<div class=\"wpb_column pos-top pos-center align_left column_parent col-lg-4 col-md-33 half-internal-gutter\"><\/div>\n<p>[\/vc_column_text][\/vc_column_inner][\/vc_row_inner][\/vc_column][\/vc_row]<\/p>\n<\/div>","protected":false},"excerpt":{"rendered":"<p>[vc_row unlock_row_content=\u00bbyes\u00bb row_height_percent=\u00bb100&#8243; override_padding=\u00bbyes\u00bb h_padding=\u00bb0&#8243; top_padding=\u00bb0&#8243; bottom_padding=\u00bb0&#8243; overlay_alpha=\u00bb50&#8243; equal_height=\u00bbyes\u00bb gutter_size=\u00bb3&#8243; column_width_percent=\u00bb100&#8243; shift_y=\u00bb0&#8243; z_index=\u00bb0&#8243; uncode_shortcode_id=\u00bb197505&#8243; back_color_type=\u00bbuncode-solid\u00bb back_color_solid=\u00bb#008aed\u00bb][vc_column column_width_percent=\u00bb100&#8243; gutter_size=\u00bb3&#8243; expand_height=\u00bbyes\u00bb style=\u00bbdark\u00bb [&hellip;]<\/p>\n","protected":false},"author":2,"featured_media":0,"parent":0,"menu_order":0,"comment_status":"closed","ping_status":"closed","template":"","meta":{"footnotes":""},"class_list":["post-132055","page","type-page","status-publish","hentry"],"_links":{"self":[{"href":"https:\/\/www.sudor.care\/index.php\/wp-json\/wp\/v2\/pages\/132055","targetHints":{"allow":["GET"]}}],"collection":[{"href":"https:\/\/www.sudor.care\/index.php\/wp-json\/wp\/v2\/pages"}],"about":[{"href":"https:\/\/www.sudor.care\/index.php\/wp-json\/wp\/v2\/types\/page"}],"author":[{"embeddable":true,"href":"https:\/\/www.sudor.care\/index.php\/wp-json\/wp\/v2\/users\/2"}],"replies":[{"embeddable":true,"href":"https:\/\/www.sudor.care\/index.php\/wp-json\/wp\/v2\/comments?post=132055"}],"version-history":[{"count":9,"href":"https:\/\/www.sudor.care\/index.php\/wp-json\/wp\/v2\/pages\/132055\/revisions"}],"predecessor-version":[{"id":132089,"href":"https:\/\/www.sudor.care\/index.php\/wp-json\/wp\/v2\/pages\/132055\/revisions\/132089"}],"wp:attachment":[{"href":"https:\/\/www.sudor.care\/index.php\/wp-json\/wp\/v2\/media?parent=132055"}],"curies":[{"name":"wp","href":"https:\/\/api.w.org\/{rel}","templated":true}]}}